Suppose 192 = 3*j + j. List the prime factors of j.
2, 3
Suppose -5*b + 573 = 4*o, -6*o - 708 = -11*o + 2*b. What are the prime factors of o?
2, 71
Suppose -4*c = -4*h + 792, 2*c - 6*c = 0. List the prime factors of h.
2, 3, 11
Suppose 2*g - 5*i + 2*i = 12, 0 = -g + i + 5. Suppose 3*q + 5*f - 10 = -42, 3*f = -3. What are the prime factors of g/q - (-20)/6?
3
Suppose 2*x = -x + 6. Suppose -6*p + x*p = -8. Suppose -2*s = p*t - 25 - 5, 4*t - 60 = -3*s. List the prime factors of t.
3, 5
What are the prime factors of (-2*5)/((-22)/121)?
5, 11
Suppose 0 = -f - 5*h + 168, -3*f - 2*f + 2*h + 948 = 0. List the prime factors of f.
2, 47
Suppose 2*c - 3*c = 4*g - 152, 0 = 3*g - 5*c - 91. List the prime factors of g.
37
Suppose 0 = o + 4*o + 180. Let u = -13 - o. List the prime factors of u.
23
Let n(d) = d**2 + 1. Let i(j) = -6*j**2 - 1. Let b(v) = -i(v) - 5*n(v). What are the prime factors of b(-5)?
3, 7
Suppose k + 363 = 4*k. List the prime factors of k.
11
Suppose 0 = -2*v - v + 18. List the prime factors of v.
2, 3
Let x(q) = 3*q**2 - 2*q + 1. Suppose 0*d - 12 = 3*d. Let i = -3 - d. List the prime factors of x(i).
2
Let y be (-45)/6*(-2)/3. Suppose 0 = -q - 4*o - 4, -q + 3 = 2*o + y. What are the prime factors of 5 + (q + 2 - 1)?
2, 3
Suppose -4*j + 2*s + 34 = 0, -4*s - 11 = 5*j - 73. Suppose j*k - 98 = 3*k. List the prime factors of k.
2, 7
Let g(u) = -u**3 + 9*u**2 - 7*u - 4. Let j = 7 - -1. List the prime factors of g(j).
2
Suppose -5*w - 4*z + 15 = 0, -3*w - z = -0 - 9. Let s be 16/(-6)*w*1. What are the prime factors of (-118)/s - 3/(-12)?
3, 5
Suppose 0 = -w - 4*w + 35. Let o(v) = -v**2 + 9*v - 7. List the prime factors of o(w).
7
Let j(u) = u**3 - 2*u**2 - 3*u + 2. Let h be j(3). Let t = 5 - h. Suppose t + 25 = 4*v. What are the prime factors of v?
7
Suppose 6 + 2 = j. Suppose 4*o + 3*z + 3 = -3, -4*o - 4 = 2*z. Let i = j + o. What are the prime factors of i?
2
Suppose -l + 44 = -5*l. Let t(j) = j**3 + 10*j**2 - 17*j - 9. List the prime factors of t(l).
3, 19
Let b(l) = l**3 + 8*l**2 + 6*l - 6. Let c be b(-7). Let k(w) = -6*w + 3. Let o(s) = -s + 1. Let p(m) = c*k(m) - 2*o(m). What are the prime factors of p(-2)?
3
Suppose 594 - 164 = 2*k. List the prime factors of k.
5, 43
Let q = 9 - 5. Let c(p) = 2*p**2 + 4*p - 5. List the prime factors of c(q).
43
Suppose 4*w - 74 - 66 = 0. What are the prime factors of w?
5, 7
Let z be ((-20)/3)/((-10)/105). Suppose t - 6*t + z = 2*o, 0 = -5*o - 2*t + 217. Suppose -4*i = -4*m - 68, 5*i - o = -3*m + 24. List the prime factors of i.
3, 5
Suppose 3*v = -3*o + 90, 2*v = 3*o - 0*v - 100. Suppose 3*x - 43 - o = 0. List the prime factors of x.
5
Let h be 9/(-4)*(5 - 1). Let s = h - -19. What are the prime factors of s?
2, 5
What are the prime factors of 162/(-9)*-1*3?
2, 3
Suppose -5*o + 22 = 2. Let j = o - -7. Suppose -j = -i - 0*i. List the prime factors of i.
11
What are the prime factors of (1 - 11)/((-6)/48)?
2, 5
Suppose 0 = -s + 19 + 7. What are the prime factors of s?
2, 13
Let i = -6 - -3. Let l = 2 - i. List the prime factors of l.
5
What are the prime factors of -20*(1 + (-8)/4)?
2, 5
Suppose -6*s - 43 = -3*s - 5*x, -20 = 2*s + x. Let w = -8 - s. What are the prime factors of w?
3
Let j = 7 - 2. Let r = 159 - 109. Suppose -j*x - v = -0*x - 70, -v = -3*x + r. List the prime factors of x.
3, 5
Let d(y) = -y + 7. Suppose -2*l - 2*l - 2*x - 12 = 0, 4*x = 16. List the prime factors of d(l).
2, 3
Let a = 16 - 12. List the prime factors of 22/a + 7/(-14).
5
Let z be (-2)/(10/11)*-5. Let v(n) be the third derivative of -n**5/60 + 13*n**4/24 - n**3/6 - 2*n**2. What are the prime factors of v(z)?
3, 7
Let x(r) = 4*r**2 - 4*r - 2. What are the prime factors of x(3)?
2, 11
Suppose -433 + 81 = -8*l. List the prime factors of l.
2, 11
Let h = -7 + 10. List the prime factors of (2 + -1)/(1/h).
3
Let u(x) = -30*x - 18. List the prime factors of u(-12).
2, 3, 19
Let g be -13 + (-2)/(-1*2). Let f be (2 - (3 + -1)) + 21. Let w = f + g. List the prime factors of w.
3
Let x = -9 + 12. Let q = 7 + x. What are the prime factors of q?
2, 5
Let k(y) = 4*y**3 - 2*y**2 + y. Let c be k(1). Suppose c*o = 4*o - 2. Suppose -h - v + 9 = 0, 2 = -o*h + 3*v - 0. What are the prime factors of h?
5
Suppose -5*l - 30 = -180. List the prime factors of l.
2, 3, 5
Let p be ((-1)/(-2))/(1/78). Let o = -20 + p. List the prime factors of o.
19
Let n(r) = r**3 - 5*r**2 + 4*r - 3. List the prime factors of n(5).
17
Suppose 0 = -5*q - 0 + 30. What are the prime factors of 164/12 - q/9?
13
List the prime factors of 122 - (80/(-25) - 1/(-5)).
5
What are the prime factors of (396/(-10))/(22/(-165))?
3, 11
Suppose q = 4*d, 0*d = d + 3*q + 13. Let o(n) = -3*n**3 + 1. Let g be o(d). List the prime factors of (-1)/(-4) + 35/g.
3
Let m = -147 + 230. What are the prime factors of m?
83
Suppose 5*q - 8 - 17 = 0. Suppose n - 9 = -3*a, n + 3*a = q*n - 21. What are the prime factors of 12/8*1*n?
3
Suppose -95 = -5*t - 5*w, -4*t + 41 + 3 = -4*w. Suppose -5*o + t = k, 2*k - 3 = o + k. Suppose d + 4*u = 0, o*d - 3*u - 42 + 9 = 0. List the prime factors of d.
2, 3
Let s(l) be the second derivative of l**3/3 + 7*l**2/2 - 3*l. What are the prime factors of s(3)?
13
Suppose -2*d - 9 + 58 = -3*x, -4*d + 113 = -3*x. Let o = d - 14. What are the prime factors of o?
2, 3
Let x = 4 + 3. Let a(o) = 3*o**2 + 7*o - 12. Let u(p) = -5*p**2 - 14*p + 23. Let j(q) = 7*a(q) + 4*u(q). List the prime factors of j(x).
2
Suppose 5*o = 3*o + 6. Suppose a = -o*a + i + 129, -i = 5*a - 168. List the prime factors of a.
3, 11
Suppose 7*k - 1047 = 458. What are the prime factors of k?
5, 43
Let i(x) = 2*x**3 - 2*x**2 - x - 2. Let g(c) = -c**2 - 7*c - 4. Let f be g(-6). What are the prime factors of i(f)?
2
Let b(f) = -f**3 + 4*f**2 - 2*f - 1. Let r be (-3 - -1)*2/(-2). Let s be b(r). Suppose 2*o - 10 = -s*o. List the prime factors of o.
2
Let x(n) = n**2 - 12*n + 13. Let a be x(11). Suppose 2*l = -a*j + 14, -4*l = -3*l + 3*j - 7. What are the prime factors of l?
7
Let a(m) = -m**3 - 2*m**2 - 5. Let y be a(-4). Suppose 0*h - 4*h + 47 = -3*b, y = 4*h + b. List the prime factors of h.
2
Suppose 569 + 46 = 5*s. What are the prime factors of s?
3, 41
Let r(w) = -w**3 - 10*w**2 + 8*w + 7. List the prime factors of r(-11).
2, 5
Let x(d) be the second derivative of d**5/20 - 5*d**4/12 + 2*d**3/3 - 7*d**2/2 + 5*d. Let c = -6 - -11. List the prime factors of x(c).
13
Suppose -2*z + 5*v = z - 72, 3*z = -5*v + 102. Let s = -18 + z. List the prime factors of s.
11
Let h(z) = 2*z - 4. Let o be h(-7). Let t = o - -29. What are the prime factors of t?
11
List the prime factors of 6/(-27) - (-1073)/9.
7, 17
Let p = -37 - -23. What are the prime factors of 2/((-12)/9)*p?
3, 7
Suppose 4*h - 8 = 4. Suppose 40 = -h*n + 7*n. Suppose -24 = -2*z - v, -2*z = z - 5*v - n. List the prime factors of z.
2, 5
Suppose 3*q - 22 = -r, -3*r + 4*q + q + 38 = 0. Suppose -r = -4*a + 12. List the prime factors of a.
7
Suppose 25 = -5*m + 5*b, 3*m + 2*b + 2*b = 6. What are the prime factors of 7/m*(2 - 10)?
2, 7
Suppose -6*b = -2*b - 16. Suppose g = b*g - 39. What are the prime factors of g?
13
What are the prime factors of ((72/(-4))/3)/(1/(-4))?
2, 3
Let d(x) = 3*x**2 + 3*x + 1. What are the prime factors of d(-6)?
7, 13
Let h be ((-52)/(-12) - 4)*24. Let l(a) be the second derivative of a**3/3 - 11*a**2/2 - a. List the prime factors of l(h).
5
Let y be 0*(-3)/12*2. Suppose -2*s - 99 = 2*t + 5, y = 3*t - 6. List the prime factors of -3 + 1 + s/(-6).
7
What are the prime factors of 0 + 0 + 22 + 5?
3
Let z be 2 + (-2)/(-4)*4. Suppose 2*s + 4 = -2*b, 2*s = -z*b + 4 - 2. List the prime factors of b.
3
Let v(j) = j**3 - 9*j**2 + 6*j + 8. Let k be (-2 - -5)/(-3) - -9. Let b be v(k). List the prime factors of (-2)/b + (-11)/(-4).
3
Let m(p) = p**2 + 7*p - 2. List the prime factors of m(-10).
2, 7
Suppose -4*v = 4*p - 164, -3*p + 133 = -v - 10. What are the prime factors of p?
2, 23
Suppose -3*t + 372 = -0*t - 3*p, t + 2*p = 121. List the prime factors of t.
3, 41
Let a(l) be the third derivative of -l**4/24 - l**3/2 + l**2. Let v be a(0). Let h = 15 + v. List the prime factors of h.
2, 3
Suppose 0 = -4*r - 48 + 4. Let l be r + -1*(-4 + 2). What are the prime factors of 2 + (3 - 6 - l)?
2
Suppose -4*j + 4*p + 19 = -5, 10 = j - 3*